 16, what is -17 + -c0ba6?
-c0bbd
In base 7, what is 13033221 - 0?
13033221
In base 16, what is -265820 + -b?
-26582b
In base 11, what is 24 + 371814?
371838
In base 8, what is 16526 - -165562?
204310
In base 11, what is -6 - -1090a37?
1090a31
In base 11, what is 1 + 17a2087?
17a2088
In base 16, what is 3 - -7a013?
7a016
In base 5, what is 43 - -112043213?
112043311
In base 2, what is 1000011010111110011011 + -11110?
1000011010111101111101
In base 11, what is -2a9384036 + 3?
-2a9384033
In base 16, what is -9cd45 + -149?
-9ce8e
In base 16, what is -944e2e - -4?
-944e2a
In base 16, what is -be5a1 - 4?
-be5a5
In base 10, what is 2 + 3700602?
3700604
In base 8, what is -1 + -52530?
-52531
In base 4, what is -1013 + 201222023?
201221010
In base 6, what is -313001 + -3121?
-320122
In base 3, what is -11201011112211 + -110?
-11201011120021
In base 14, what is a5a98a - 1b?
a5a96d
In base 7, what is 6 - -16113634?
16113643
In base 6, what is -1 - -131011511?
131011510
In base 5, what is 111433 - 20304?
41124
In base 3, what is -221020020 + -1001001?
-222021021
In base 3, what is -12201001 + -10201022?
-100102100
In base 14, what is -3 - -379094?
379091
In base 6, what is -220213433 - 1?
-220213434
In base 16, what is 1 + -3c13194?
-3c13193
In base 12, what is -6370 + 1411?
-4b5b
In base 7, what is -23304 + -322?
-23626
In base 7, what is -4413653 + 134?
-4413516
In base 12, what is 43b24 - 50?
43a94
In base 14, what is 4 + 7bb26d1?
7bb26d5
In base 2, what is 11000001 - 1101011100010101011101?
-1101011100010010011100
In base 7, what is 5133 - -120505?
125641
In base 5, what is 24 - 10031122?
-10031043
In base 16, what is 2137c + -8e?
212ee
In base 16, what is 5a16fe9 - 1?
5a16fe8
In base 14, what is 3dc62 - -10?
3dc72
In base 9, what is -3 - -37541443?
37541440
In base 11, what is 0 + -6a4207?
-6a4207
In base 4, what is -20223122033 + -3011?
-20223131110
In base 2, what is -11 - -110011000100101010011010?
110011000100101010010111
In base 16, what is -138d9 - -1?
-138d8
In base 12, what is 200b8 + 17b?
20277
In base 7, what is -24302 + -103160?
-130462
In base 10, what is 15 + 200884?
200899
In base 15, what is 7d96395 - 0?
7d96395
In base 12, what is 3 + 49755b?
497562
In base 9, what is -604 + -6836?
-7541
In base 12, what is 155 + 34b0?
3645
In base 7, what is -12024044463 - 4?
-12024044500
In base 15, what is -96e - 1564?
-1ed3
In base 2, what is 1111011111101111000 + 101000?
1111011111110100000
In base 8, what is -5 + 35103056?
35103051
In base 4, what is 31 - -11300213211?
11300213302
In base 12, what is 6b878 - -4a?
6b906
In base 8, what is -1434 + -34541?
-36175
In base 13, what is -37c14c9c + 0?
-37c14c9c
In base 5, what is 40 - -2340204030?
2340204120
In base 8, what is -3 - -4727316?
4727313
In base 10, what is 155695 - -17?
155712
In base 5, what is 13443 - -141123?
210121
In base 7, what is 1333121 - -4005?
1340126
In base 14, what is 1ad + -3ba54?
-3b885
In base 11, what is -3694 + 94?
-3600
In base 9, what is -1524517 - 42?
-1524560
In base 11, what is 31aaa89 + a3?
3200081
In base 12, what is 62b74 - 44?
62b30
In base 2, what is -1010000 - 11001000011011111111?
-11001000011101001111
In base 14, what is 696a0 + d1?
69791
In base 11, what is -8877a1 - 6?
-8877a7
In base 12, what is -5 + -299752?
-299757
In base 10, what is 168604 - 600?
168004
In base 9, what is -1505776 - -55?
-1505721
In base 4, what is -121303 - 303201023?
-303322332
In base 2, what is 1010010010 - -110010011110001010?
110010101000011100
In base 15, what is -2ed1 - -23a8?
-b28
In base 6, what is -101430 + -500?
-102330
In base 2, what is 101100100110100 + 11101001001?
110000001111101
In base 5, what is -4 - 2101334240?
-2101334244
In base 15, what is -ba8 + 443?
-765
In base 5, what is 10013003202 + 21?
10013003223
In base 10, what is -24130 - 402?
-24532
In base 12, what is -2685 - -1943?
-942
In base 11, what is -4a88 + -41377?
-46354
In base 16, what is 3 - 14b300e?
-14b300b
In base 3, what is 1021122211022000 - 122?
1021122211021101
In base 2, what is -100 - 1010000000001110101010?
-1010000000001110101110
In base 3, what is -1101112210122100102 - 0?
-1101112210122100102
In base 9, what is 228204 + 814?
230118
In base 11, what is 31027 - 1006?
30021
In base 13, what is -1 + 1120bc3?
1120bc2
In base 9, what is 1837 + -60058?
-57121
In base 14, what is 12ab85 - -609?
12b390
In base 13, what is -c1a42 - 2aa?
-c201c
In base 11, what is 6944 - -15a?
6aa3
In base 12, what is 2901 + 6919?
961a
In base 7, what is -316220411 + -5?
-316220416
In base 11, what is -116291 + -396?
-116677
In base 15, what is -3c9152 - a?
-3c915c
In base 10, what is -2799260 + -17?
-2799277
In base 3, what is 22122 + 2201010100?
2201102222
In base 5, what is -4 - -412134140203?
412134140144
In base 13, what is -456 + -20c591?
-20ca17
In base 15, what is -2a7 + -1dedc?
-1e294
In base 4, what is -32321010321 - 1?
-32321010322
In base 11, what is -57320 - 149?
-57469
In base 4, what is -1000230112201 - -1013?
-1000230111122
In base 10, what is 2 + 304299?
304301
In base 12, what is -2 + 12b74409?
12b74407
In base 2, what is -11101010101010 + 1111110000?
-11011010111010
In base 15, what is 5 - c12e84?
-c12e7e
In base 11, what is -54343 + -38a9?
-58141
In base 13, what is 412ba198 - -3?
412ba19b
In base 11, what is -3 + -41a34758?
-41a34760
In base 13, what is 36b90 - -111?
36ca1
In base 15, what is -781 + 7519?
6c88
In base 13, what is 5bc212 + 8a?
5bc29c
In base 11, what is 10a55a63 + 2?
10a55a65
In base 9, what is 5 - 250845218?
-250845213
In base 5, what is 23 - 1430441424?
-1430441401
In base 10, what is -3182 + -3377?
-6559
In base 10, what is 2914 + 2965?
5879
In base 5, what is -1014 - -21322210?
21321141
In base 6, what is -124542 + -3455?
-132441
In base 15, what is -5 + b86903b?
b869036
In base 5, what is -241 + -1232002143?
-1232002434
In base 11, what is -1a68852 - 11?
-1a68863
In base 9, what is 202 - 1466108?
-1465806
In base 2, what is -11111001101001 - -1001101001010?
-10101100011111
In base 2, what is -1000011101 + 100001011100?
11000111111
In base 2, what is 100010111101 - -10111101000001?
11011111111110
In base 8, what is -42224000 - 2?
-42224002
In base 10, what is -1009 - 255893?
-256902
In base 2, what is 1000000111101111010111110111 - 1?
1000000111101111010111110110
In base 14, what is 513 + -105?
40c
In base 13, what is 1904 - -318?
1c1c
In base 9, what is -1186 + -7056?
-8253
In base 13, what is 37c - 1b55?
-17a6
In base 2, what is -1010010010010110010 + 111?
-1010010010010101011
In base 13, what is -a5a9 - -14b?
-a45b
In base 15, what is 13a + 1a058?
1a193
In base 16, what is 5e5b + 25?
5e80
In base 5, what is 43242300 - -3240?
43301040
In base 10, what is -2 - 2455910?
-2455912
In base 10, what is 22 - -11475062?
11475084
In base 15, what is 1 + 239147?
239148
In base 16, what is a8353 - -f6?
a8449
In base 12, what is 43993 - -19?
439b0
In base 13, what is -3 - 3261bb?
-3261c1
In base 4, what is 30310012 - -121?
30310133
In base 10, what is 7156999 - 2?
7156997
In base 14, what is -70d2d + 1b?
-70d12
In base 7, what is 16334 - -20154?
36521
In base 4, what is -3 + -20030123133?
-20030123202
In base 13, what is 23ab9 - 10?
23aa9
In base 3, what is -10 + 212202120210011?
212202120210001
In base 2, what is -101 + 1010000010111001000100011110?
1010000010111001000100011001
In base 16, what is -1310 - 1949?
-2c59
In base 9, what is -5865220 - 23?
-5865243
In base 12, what is 3 - -8377026?
8377029
In base 10, what is -189858 - 283?
-190141
In base 15, what is -1ac506bc + -2?
-1ac506be
In base 14, what is 66c892 + -2?
66c890
In base 15, what is 587758 + 5?
58775d
In base 6, what is -1013124104 - 3?
-1013124111
In base 15, what is -b349b - -131?
-b336a
In base 16, what is b491f + 157?
b4a76
In base 16, what is -6c80e - -6a?
-6c7a4
In base 15, what is 1713b - 17?
17124
In base 9, what is -11 + -22408865?
-22408876
In base 13, what is -950 - -5c9a7?
5c057
In base 9, what is -27582651 - 3?
-27582654
In base 11, what is -67a68 + -118?
-68085
In base 11, what is -388 - -28553?
28176
In base 14, what is 29ca816 + -17?
29ca7dd
In base 15, what is -4133c0 + -12?
-4133d2
In base 7, what is -113 - -302051?
301635
In base 8, what is -62 - 14143570?
-14143652
In base 15, what is d5a2 - 206?
